site?
True
Let z be (2 + 0)/(-2)*-4. Suppose 17 = 4*v + 1. Is 1*z/v + 415*2 a prime number?
False
Let t be (-2 + 2 + 2393)*8/(-1). Let a = t + 33447. Is a a composite number?
False
Let s(g) = -5714*g**3 + 13*g**2 + 62*g + 13. Is s(-4) prime?
True
Let i be (1/2)/((-3)/6). Is 11 + 5999 - (i + 4) a composite number?
False
Suppose 137592 + 123713 = 5*x + 3*j, 261305 = 5*x - 2*j. Is x prime?
False
Suppose 0 = -y + 5*u - 6*u - 25939, 0 = -5*y - 3*u - 129699. Let w = -15674 - y. Is w a prime number?
True
Let g = -107853 + 275996. Is g composite?
False
Suppose -355 = -10*j - 115. Let q = j - -789. Is q prime?
False
Is (828926/16)/(751/6008) a prime number?
False
Let b be -2 + 0*6/(-30). Let c(t) = -39*t**3 + 7*t + 9. Is c(b) a composite number?
False
Let t = -2285 + 5621. Let n = -757 + t. Is n prime?
True
Let w(d) = d**3 - 5*d**2 - 27*d + 33. Let v be w(8). Let i(o) = -106*o + 31. Let y(b) = -35*b + 10. Let s(q) = 2*i(q) - 7*y(q). Is s(v) prime?
False
Let c = -83 - -83. Suppose c = -6*b + 3120 + 3084. Suppose 2*z - 2*q - b = 0, 5*z + 8*q - 11*q = 2585. Is z prime?
False
Let h = 77800 - -24633. Is h a composite number?
False
Let w(y) be the second derivative of 9*y**5/20 - y**4/4 + 7*y**3/3 - 21*y**2/2 - 104*y. Is w(7) composite?
True
Is 6/12*139682*(-29)/(-29) a composite number?
True
Let r be (-395)/(-2)*6/1 + 0. Is (r + 1)/(3/(-75)*-10) composite?
True
Is (117/(-78))/((-12)/14094296) a composite number?
False
Suppose -7*t + 1338202 = 267*i - 268*i, -4*t - 3*i + 764669 = 0. Is t a composite number?
True
Let u = 4874 - 4883. Let d(n) = 17*n - 14. Let g(t) = t**3 + 1. Let w(v) = d(v) - 3*g(v). Is w(u) a prime number?
True
Suppose 2*f + 153460 = 4*s, -3*s + 115095 = 156*f - 151*f. Is s composite?
True
Let h(t) = 2*t**2 + 4*t - 3. Let w(d) = -d**2 - 3*d + 2. Let k(b) = -2*h(b) - 3*w(b). Let p(i) = -90*i**2 + i - 1. Let o(n) = 6*k(n) - p(n). Is o(-2) composite?
True
Suppose 5*i + 2*u - 36 = -49, -4*i - 14 = -2*u. Let q(l) = -8 - 139*l + 12 + 22. Is q(i) composite?
False
Let g(f) = -f**2 + 39*f + 5. Let l be g(29). Suppose p + l = 6*p. Is p a prime number?
True
Let i = -171 - -172. Is (-1203664)/(-44) + i/(-1) a prime number?
False
Let q(r) = 137*r - 5. Let p(u) = 68*u - 3. Let l(c) = -5*p(c) + 2*q(c). Is l(-19) prime?
True
Let p(x) = x**3 + 51*x**2 + 107*x + 110. Let o be p(-48). Suppose o = 17*b - 15*b. Is b prime?
False
Suppose -7*o - 2*o + 252 = 0. Let a be (-7)/2*(-32)/o. Suppose 5*l + 2713 = 4*v, 5*v - a*l = 3*v + 1358. Is v composite?
False
Let z(d) = 1025*d**2 + 57*d - 27. Is z(8) a prime number?
True
Is (-1 - 5540/6)/(272/(-816)) prime?
False
Suppose -136*p - 148*p = -310*p + 4190758. Is p a prime number?
False
Let k(m) = -77*m + 1861397. Is k(0) composite?
False
Let t(g) = g**2 - 5*g - 7. Let a be t(6). Let m(z) = 742*z**2 - 8*z + z - 7 + 14 - 8 + 5*z. Is m(a) a prime number?
True
Suppose -5*l + 26 = -u, -u = -0*l - 4*l + 20. Suppose -2*a + 4*v + 4 = l, -4*v = -12. Suppose 346 = 5*y - m, 4*y + 0*m = -a*m + 271. Is y prime?
False
Suppose 84*a - 93*a + 387837 = 0. Is a prime?
True
Let n = 109 + -106. Let a be 3634/3 + (-1)/n + -4. Suppose 5*t + 32 - a = 0. Is t composite?
True
Suppose 0 = -24*u + 39*u - 45. Suppose -4*y + 1275 = 351. Suppose -u*l + y = -1512. Is l a composite number?
True
Let z be 1 + 5/(3 - -2). Is 30675/z + (-4 - 9/(-2)) a composite number?
True
Suppose 5*y + 15 = 48*v - 47*v, -5*y + 4*v - 15 = 0. Is 7916*y*(-2)/24 a prime number?
True
Let a(u) = -u**3 - 35*u**2 + 32*u + 68. Let d be a(-36). Let o = 197 + d. Is o a composite number?
False
Let z be (102/(-9))/((-6)/11853). Suppose -4*v - z = -4*h - 3*v, -5*h + 27990 = -5*v. Suppose 2*o - 3*t = 7*o - h, -3*t = -12. Is o prime?
True
Let r be (25/(-100))/(1/(-16)). Suppose -4*j + 5*s + 82816 = 0, j - r*s - 20703 = -3*s. Is j a composite number?
True
Let x = -726276 + 1462177. Is x composite?
False
Let i = 74 + -79. Suppose 0 = 3*s - 2*s + 1113. Is (s/15)/(1/i) composite?
True
Suppose -2*h + 6*q - 2*q = -827334, -2*q - 14 = 0. Is h composite?
False
Let f(t) = -192*t**3 - 2*t**2 - 12*t - 14. Let a be f(-4). Suppose -7*v + 11895 = -a. Is v a composite number?
True
Suppose 15*z - 3*z - 148188 = 0. Let n = -5570 + z. Is n prime?
True
Let m = 7054 - 12086. Let a = -3231 - m. Is a prime?
True
Suppose 4*z - 21*t + 26*t - 584644 = 0, -2*z + 5*t + 292322 = 0. Is z a prime number?
True
Suppose 1 = -5*u + 5*r + 6, 5*u = -r - 13. Let y be 3930/20 + (-1)/u. Let d = y - -144. Is d a prime number?
False
Suppose -221*i + 543648 = -44*i - 2728905. Is i prime?
False
Let j be 836/(-190)*((-7 - -2) + 0). Is (-7)/(3 - 68/j) prime?
False
Let w be 1/(-2) - 52/8. Let z(v) = 24*v**2 + 18*v + 65. Is z(w) a prime number?
False
Let m = -375 + 378. Suppose 3 = -m*l, -2*l + 17562 = 5*q + l. Is q prime?
False
Let h = -139 - -143. Suppose -2*l - 169 = -5*d - 6*l, -h*d = -3*l - 129. Suppose 0 = d*w - 32*w - 3371. Is w a composite number?
False
Let q = -22 - -12. Let y be 6/(-4) - 15/q. Is -2 - -617 - (y + 12)/6 a prime number?
True
Suppose -2*j - 2 = 22. Suppose -19 = 4*h - 167. Let u = h + j. Is u prime?
False
Suppose -2*d = -10, 0 = 2*n + d - 15986 - 86701. Is n a composite number?
False
Let u = 42 - 14. Let d = u - 31. Is -2 + -1 - (-146 + d + 3) a composite number?
True
Suppose -5*n - 7*n - 2687427 = -9880959. Is n composite?
True
Let r(n) = -18*n + 125. Let v be r(7). Let c(g) = -1043*g**3 + 2*g**2 + 5*g + 3. Is c(v) a prime number?
False
Suppose -13*k + 30 = -8*k. Let p be -4 - 9/k*-4. Suppose p*b - b - 958 = -2*q, 4*q - b = 1928. Is q composite?
True
Let x(m) = 415*m + 3490*m - 31 + 1402*m. Is x(2) a composite number?
True
Let q(p) = 240*p + 121. Let h be (-5)/20 - 203/(-28). Is q(h) a prime number?
True
Suppose 2*k = -2*y + 1186, 10*k - 1780 = 7*k - 2*y. Suppose -v - 790 = -6*v. Suppose 4*c + v = k. Is c composite?
False
Let j = 677 - 754. Let r = -167 - -387. Let k = r + j. Is k composite?
True
Let d(f) = -f**2. Let i(r) = 31*r**2 - 16*r + 21. Let l = -33 + 34. Let m(t) = l*i(t) - 6*d(t). Is m(6) a prime number?
False
Let n(h) = 4*h**2 + 9*h - 33. Suppose 3*r - 23 = 19. Is n(r) a prime number?
True
Let f(c) = -1559*c**3 - 12*c**2 - 23*c + 19. Is f(-7) a composite number?
False
Let w = -259 - -263. Suppose 9*p - q + 2772 = 10*p, -w*p + 11063 = -q. Is p composite?
False
Suppose 3*z = 2*r + 178191, -5*z - 451*r + 452*r + 296992 = 0. Is z prime?
True
Let f(z) = 3811*z - 35. Let d(i) = 7619*i - 70. Let t(n) = -3*d(n) + 5*f(n). Is t(-2) prime?
True
Let n be ((-2 - -2) + 0)*2/(-4). Suppose n = 5*i - 2479 - 12951. Is i prime?
False
Suppose -55*d + 15*d + 43829436 = -2923004. Is d prime?
False
Let m(y) = -3715*y - 6. Let j be m(-7). Suppose 5*i - 67434 = -j. Is i a composite number?
False
Suppose -4*j + 795557 = 7*g, 79388 - 420350 = -3*g - 3*j. Is g a composite number?
False
Let t(c) = -22558*c**3 - 9*c**2 - 7*c + 21. Is t(-2) composite?
False
Let r = 56253 - 14972. Is r composite?
False
Let n = 66 + -61. Suppose 0*y + y - 1148 = -n*q, 0 = y + 3*q - 1138. Is (-18 - -21)*y/3 a prime number?
True
Let q = 106820 - 58843. Is q a prime number?
True
Is 6659858/66 - 698/(-11517) prime?
True
Let u(l) = 2*l**3 + 11*l**2 + 13*l - 25. Let z be u(10). Suppose 9*p - z = 4*p. Is p a prime number?
True
Let p = 1172 + 1449. Is p/(5/35*1) a prime number?
False
Suppose -2*b - 6 + 62 = 0. Let z = -37 + b. Is (z + 132)/(1/1) prime?
False
Let s = 394 - 195. Let g = s - 173. Is g composite?
True
Let t(i) = i**3 + 51*i**2 + 51*i - 36. Is t(-19) composite?
True
Let l(b) = -b**2 - 19*b - 69. Let r be l(-5). Is 5 + r - (3 - 0 - 2930) a composite number?
True
Suppose -124*a + 86*a = -9395994. Is a composite?
True
Suppose 8*t - 2*t = 9174. Suppose -5*q + t = -6*q. Let z = 2158 + q. Is z composite?
True
Let r be 2/(1*(4 + -2)). Let l(f) = 237*f**2 + 4*f - 3. Let j be l(r). Suppose -j = -2*m + 344. Is m prime?
False
Let c be (-1)/1*(0 + 0)/5. Suppose 0 = 2*m - i + 4 - 23, -m + 3*i + 12 = c. Is 1671 - (-6)/m*3 composite?
True
Suppose 24 = 4*k + 2*t, k - 18 = -k - 4*t. Suppose k*s = 5*v - 48850, v + s - 4330 = 5434. Is v a composite number?
False
Suppose -95*z + 81129 = -92*z + 2*w, -3*z = 6*w - 81129. Is z a prime number?
True
Let l(y) = y**3 + 4*y**2 + 3*y. Let t be l(-3). Suppose -r + t*r = -2. Suppose r*b - 3*x = 1149 + 1228, -4*b + 4781